What is the units digit of z?
0
Let t = 739 - 367. What is the tens digit of t?
7
Suppose -3*r - 4*g - 8 = 0, -2*g + 2 = r - 3*g. What is the hundreds digit of 141 + r - -1 - (-46)/46?
1
Suppose -3*j + 678 = -5*l - 1712, 0 = -5*j - 2*l + 4035. What is the units digit of j?
5
Let y = 136 + 215. What is the tens digit of y?
5
Suppose 3*l + 6 = u - 0, -2*l + 1 = u. Suppose -4*x - c = -135, u*x = -5*c + 3*c + 100. What is the units digit of x?
4
Suppose -r - 4*r + 2 = -i, r = -2*i + 7. Suppose 6*s = -3*h + 4*s - 79, -i*s + 94 = -4*h. What is the tens digit of (2 + 160/h)*-5?
2
Let y(d) be the first derivative of -3*d**4/4 + d**3 + d**2 - 2*d - 7. What is the units digit of y(-2)?
0
Let n = 3769 + -2168. What is the units digit of n?
1
Let b(v) = 6*v + 7. Let h be b(5). Suppose p - 48 = h. Suppose 2*c - 25 - p = 0. What is the tens digit of c?
5
Suppose 32670 = 25*z + 2*z. What is the units digit of z?
0
Let o = -20 + 21. Let g be o - (-5 + 3) - 3. Suppose g = 2*u + 3*l - 36, -2*l = -3*u + l + 84. What is the tens digit of u?
2
Let t(n) = -573*n + 3. What is the tens digit of t(-2)?
4
Let p = 574 - 350. What is the units digit of p?
4
Let k be ((-199)/6 - 9/18)*3. Let a = 242 + k. What is the units digit of a?
1
Let b be (2 + -3)*(1 + 0). Let l be b*(-12)/8*2. Let k = l + -1. What is the units digit of k?
2
What is the units digit of 238/(-3)*(-21)/7 + 6?
4
Let s(l) = -3*l + 40. Let x be s(0). What is the tens digit of 7/((-84)/x)*-39?
3
Suppose -259*q + 243*q + 208 = 0. What is the units digit of q?
3
Let d = 614 + -417. Let j be 1 - (-7 - (-7 + -2)/3). Suppose 153 = 4*q - 3*f, 0 = -j*q - 2*f - 0*f + d. What is the tens digit of q?
3
Suppose k + 0*k - 1195 = -5*d, 4*d + 4*k = 956. What is the hundreds digit of d?
2
Suppose -4*q + 30 = q - 3*y, 4*q - 5*y = 37. Let f be -5 - -12 - 1*-3. Suppose 0 = q*s + f - 103. What is the units digit of s?
1
Let g(c) = 22*c**3 - 3*c**2 + 5*c. What is the units digit of g(3)?
2
Let k be (-7)/(-7) - (-124)/2. Let s = k + 37. What is the tens digit of s?
0
Let n(w) = w - 4. Let b(u) = u - 1. Let j(r) = 5*b(r) - 3*n(r). Let a be (-10)/(-4)*(-2)/(-1). What is the tens digit of j(a)?
1
Let q = 42 - 27. Suppose 111 = -12*h + q*h. What is the units digit of h?
7
Let k(z) = z**2 + 8*z - 1. Let r(y) = -2*y**2 - 2*y**2 - 8*y + 3*y**3 - 2*y**2 - 3 - 2*y**3. Let l be r(7). What is the tens digit of k(l)?
1
Suppose -318 = -4*b - 2*b. Suppose 15 = 5*t - 10. Suppose 87 + b = t*o. What is the tens digit of o?
2
Let z be 6/10 - (-28)/20. Suppose -q = -z, -5*h = q + 8 - 45. Let m = -2 + h. What is the units digit of m?
5
What is the units digit of (-18)/(-5) - (-50)/125?
4
Suppose -2*k - 4 = -4*h, 0 = k + 2*h - 19 + 1. Suppose 2*a + k*a = 1010. What is the units digit of a?
1
Suppose -7*r - 7293 = -9*r - 3*g, g = -1. What is the units digit of r?
8
Suppose -45*q + 20914 = -17201. What is the tens digit of q?
4
Let w be (8 + -1)/((-2)/6). What is the tens digit of (-6 - -3 - -14)/((-3)/w)?
7
Suppose 153 = 4*c - 3*n, 0 = -4*c + n - 3 + 150. Let j = c - 11. What is the tens digit of j?
2
Let u be (-1 - 0)/(3/(-9)). Let z be -7*u*12/(-63). Suppose 0 = 2*v + z*y - 84, -4*y - 4 = -4*v + 176. What is the units digit of v?
4
Suppose m + 20 = 3*m. Let s be m/15 + 21/9. Suppose -o = 2*z - 14, z - 4 = -s. What is the tens digit of o?
1
What is the tens digit of (-4600)/(-32) + 3/(-4)?
4
Suppose t - 712 = -4*h, 37*t + 534 = 3*h + 41*t. What is the tens digit of h?
7
Suppose -136*r + 159*r = 93150. What is the hundreds digit of r?
0
Let l be (5/(75/160))/(1/(-3)). What is the tens digit of l*(-21)/3 - 4?
2
Suppose -6*n + 4*n = -20. Let y = 2 - n. Let b(w) = w**3 + 9*w**2 + 6*w - 6. What is the units digit of b(y)?
0
Suppose -4*k = 2*f - 24, -k = 3*f - 23 + 2. Suppose -b + 217 = f*b. What is the units digit of b?
1
Let b = -9 + 6. Let c be (b + (-39)/9)*-3. Suppose -c = -w + 5. What is the tens digit of w?
2
Let a be 24/36 - 2/3. Suppose 280 = 2*k + 2*d - 3*d, a = -k - 2*d + 145. What is the hundreds digit of k?
1
Suppose -4017 = -14*x + 11*x - 4*h, -5*h = -15. What is the hundreds digit of x?
3
Suppose -2069 = -17*a + 9338. What is the hundreds digit of a?
6
Let g(k) = -k**2 + 8*k - 2. Let x = -21 - -28. What is the units digit of g(x)?
5
Suppose u - 238 = 5*i + 116, 4*u = 5*i + 1461. What is the tens digit of u?
6
Let s be (-3 + 790/(-4))*(-4 + -4). What is the units digit of (-12)/(-9) - (-2 + s/(-12))?
7
Let g = -523 - -924. What is the units digit of g?
1
Let q(a) be the second derivative of a**5/20 + 2*a**4/3 + 7*a**3/6 + 6*a. Let s be q(-7). Suppose 4*f - 6*f + 16 = s. What is the units digit of f?
8
Let z be (76/(-10))/((-1)/5). Let o be 1/((-9)/(-18)) - (-4 + 2). Suppose 254 = -x + 6*x - o*u, z = x - 4*u. What is the units digit of x?
4
Suppose 11*j + 111 = 386. What is the tens digit of j?
2
Suppose 2*o - 7 = -9, 3*x - 1907 = -4*o. What is the units digit of x?
7
Let i = -11 - -5. Let l be (-1)/i - (-1434)/36. Suppose 6*y - l = y + 2*s, y + 4*s - 30 = 0. What is the tens digit of y?
1
Let b(o) be the second derivative of 8*o - 4/3*o**3 + 7/2*o**2 + 0 + 1/6*o**4. What is the units digit of b(6)?
1
Let t(v) = -7*v + 29*v - 5*v - 12*v + 3. Let u be t(3). Suppose -u = -3*s + 21. What is the tens digit of s?
1
Let v(u) = 77*u - 429. What is the hundreds digit of v(30)?
8
What is the tens digit of ((-2)/(-4))/(3/1374)?
2
Let d be 66/(-3 + 4) - -1. Let y = 49 + d. What is the hundreds digit of y?
1
What is the tens digit of (4 - 8 - -67) + (-2)/2?
6
Let z(a) = a**2 - 18*a + 4. Let r be z(18). Let c be ((r - 4)/(-5))/(-1). Let j(l) = -l**3 + l**2 + 39. What is the tens digit of j(c)?
3
Let n be (1 + (-3 - -3))/(-1) - -37. Let k = n + 11. What is the units digit of k?
7
Suppose 5*u = p + 19, -u + 10 + 13 = -5*p. What is the units digit of 2*((-3)/9)/(u/(-333))?
4
Let t be (-4)/18 - 69944/(-63). What is the tens digit of 2/(-7) + t/14 + 1?
8
Suppose -2*o = 4*s - 15146, 4*o = -s - 4*s + 18934. What is the units digit of s?
6
Let i(o) = o**3 + 16*o**2 - 38*o - 34. Let s be i(-18). Let k(f) be the first derivative of 2*f**3 + f**2 - 1. What is the units digit of k(s)?
8
Let t(d) = -d**3 - 4*d**2 - 3*d + 1. Let u be 3*((-12)/3)/4. What is the units digit of t(u)?
1
Let b = 160 - 157. Suppose b*i + 2*n = 7*n + 182, -5*i = 5*n - 330. What is the units digit of i?
4
Let l(k) = 5*k - 7. Let x be l(3). What is the tens digit of 106/x - (-3)/4?
1
Let h = 99 - 80. Suppose -h*z + 2*z = -5644. What is the hundreds digit of z?
3
Suppose 2*z - 18 = -q + 7*z, 80 = 2*q + z. Suppose -2*n = -60 - q. What is the tens digit of n?
4
Suppose 4*w + 381 = 5*z + w, -4*z = 5*w - 290. Suppose -z = -7*m + 4*m. What is the units digit of m?
5
Let a = -139 + 156. Let j(m) = m**3 - 18*m**2 + 26*m + 4. What is the hundreds digit of j(a)?
1
Suppose 4*o = -2*o + 18. What is the units digit of (3 + (-62)/(-4) + o)*2?
3
Let i(g) = g**2 + 7*g + 7. Let t be i(-7). What is the tens digit of 132 - (-2)/2*(-14)/t?
3
Let w(b) = 189*b**2 + 30*b + 61. What is the tens digit of w(-2)?
5
Let i(x) = 8*x**2 - 9*x - 76. What is the hundreds digit of i(-6)?
2
Let d(t) = -28*t**3 + 2*t**2 + 2*t + 1. Let k be d(-1). Suppose 4*w - k = -3*g + 31, 4*g + w - 80 = 0. What is the tens digit of g?
2
Let z be (-326)/(-10) - 9/15. Suppose 43 = o - 5*l, 3*o - 2*l - 74 = 2*l. Let u = z - o. What is the units digit of u?
4
Suppose 0*x - 363 = -b - 3*x, 1396 = 4*b - 2*x. Suppose -3*k + b = g - 4*g, 4*k - 5*g = 463. What is the tens digit of k?
2
Suppose -261 = -5*b + 4*b. Let k = b + -150. What is the tens digit of k?
1
Let t = 18258 + -13011. What is the tens digit of t?
4
Let k = -6 - -231. What is the hundreds digit of k?
2
What is the tens digit of (-33)/(-44) + (-1529)/(-4)?
8
Let x be 1018/14 - (-8)/28. Suppose -5*h = -17 - x. What is the tens digit of (2 - 1)*(1 + h)?
1
Suppose 0 = -2*b - m + 5*m + 108, 122 = 2*b + 3*m. What is the units digit of b?
8
Suppose 0 = -w + 13 - 1. Let t = -139 + 140. Let l = w + t. What is the tens digit of l?
1
Let a be 5*(1/4 - (-3)/4). Suppose a*m - 1670 = -5*m. What is the tens digit of m?
6
What is the tens digit of 1/(5/185) - 2?
3
Suppose 0 = 2*c + 4*c - 1146. Suppose -4*x = 3*q - c, -3*q = q + 5*x - 253. What is the tens digit of (-6)/57 - (-1431)/q?
2
Suppose c